se 13) to base 4.
-13
What is -154 (base 6) in base 13?
-55
3 (base 16) to base 14
3
Convert 55 (base 15) to base 10.
80
What is -13 (base 9) in base 12?
-10
What is -7 (base 16) in base 6?
-11
What is 11 (base 2) in base 9?
3
-1 (base 10) to base 7
-1
What is 1001 (base 3) in base 15?
1d
-17 (base 11) to base 4
-102
What is -21 (base 6) in base 2?
-1101
What is 20 (base 3) in base 7?
6
Convert 17 (base 12) to base 2.
10011
Convert 20 (base 14) to base 6.
44
Convert -4 (base 9) to base 3.
-11
Convert -4 (base 13) to base 9.
-4
Convert -1 (base 5) to base 3.
-1
-325 (base 10) to base 3
-110001
What is 39 (base 12) in base 8?
55
What is -3d (base 14) in base 13?
-43
What is 26 (base 12) in base 14?
22
What is -92 (base 10) in base 4?
-1130
-210 (base 3) to base 10
-21
What is 6 (base 16) in base 12?
6
Convert -10 (base 7) to base 6.
-11
Convert 0 (base 6) to base 5.
0
112 (base 5) to base 9
35
What is -101 (base 3) in base 13?
-a
Convert -3 (base 14) to base 10.
-3
Convert 0 (base 7) to base 3.
0
What is -211 (base 3) in base 7?
-31
What is 4 (base 12) in base 11?
4
What is -1 (base 4) in base 2?
-1
What is 52 (base 8) in base 15?
2c
What is -2 (base 8) in base 12?
-2
-100011111 (base 2) to base 10
-287
Convert 0 (base 6) to base 12.
0
What is 1 (base 10) in base 13?
1
Convert -110 (base 12) to base 11.
-132
What is d (base 16) in base 13?
10
Convert -1a (base 12) to base 9.
-24
Convert 2 (base 8) to base 6.
2
Convert -121 (base 10) to base 7.
-232
Convert -4a (base 12) to base 5.
-213
What is 1001 (base 2) in base 3?
100
Convert -5 (base 16) to base 13.
-5
-84 (base 15) to base 2
-1111100
What is -122 (base 4) in base 11?
-24
What is -10 (base 7) in base 10?
-7
-4b (base 13) to base 16
-3f
What is 23 (base 10) in base 5?
43
Convert 203 (base 10) to base 13.
128
32 (base 5) to base 16
11
1022 (base 7) to base 14
1b9
-bd (base 15) to base 9
-217
Convert -3 (base 9) to base 14.
-3
What is 523 (base 6) in base 10?
195
Convert 130 (base 4) to base 13.
22
What is 4 (base 12) in base 11?
4
-392 (base 10) to base 15
-1b2
Convert -22 (base 8) to base 15.
-13
-b7 (base 15) to base 6
-444
What is 7 (base 13) in base 9?
7
What is -19 (base 10) in base 2?
-10011
-23 (base 14) to base 9
-34
What is 4 (base 14) in base 13?
4
What is 6 (base 11) in base 5?
11
Convert 12 (base 4) to base 6.
10
Convert -22 (base 5) to base 9.
-13
Convert -47 (base 14) to base 10.
-63
0 (base 13) to base 9
0
What is -b (base 15) in base 4?
-23
Convert -5 (base 13) to base 12.
-5
What is -4 (base 14) in base 2?
-100
What is -1 (base 6) in base 3?
-1
Convert -3 (base 10) to base 6.
-3
Convert -21020 (base 3) to base 16.
-c3
What is -22 (base 10) in base 6?
-34
-32 (base 6) to base 4
-110
What is 4 (base 8) in base 14?
4
Convert -8 (base 16) to base 14.
-8
4 (base 11) to base 10
4
4 (base 15) to base 3
11
Convert 3 (base 9) to base 5.
3
13 (base 4) to base 6
11
111101 (base 2) to base 6
141
Convert 1 (base 9) to base 15.
1
What is -7 (base 10) in base 14?
-7
Convert -3 (base 12) to base 6.
-3
Convert 170 (base 9) to base 11.
121
What is 22 (base 8) in base 5?
33
31 (base 8) to base 2
11001
-74 (base 10) to base 5
-244
Convert 1c (base 14) to base 3.
222
What is 2 (base 7) in base 8?
2
Convert -15 (base 14) to base 5.
-34
What is -4 (base 6) in base 5?
-4
1 (base 9) to base 14
1
Convert 311 (base 5) to base 9.
100
What is -10000110 (base 2) in base 11?
-112
What is 1 (base 8) in base 14?
1
What is 12 (base 10) in base 3?
110
Convert -10 (base 7) to base 9.
-7
Convert 3 (base 5) to base 14.
3
26 (base 13) to base 11
2a
Convert -12 (base 13) to base 7.
-21
Convert 1005 (base 6) to base 2.
11011101
12 (base 4) to base 9
6
-2a (base 13) to base 12
-30
What is 82 (base 14) in base 15?
79
Convert -1020 (base 4) to base 8.
-110
What is 61 (base 13) in base 3?
2221
Convert 2 (base 3) to base 11.
2
What is 14 (base 5) in base 12?
9
What is -12 (base 12) in base 3?
-112
-2a (base 12) to base 10
-34
Convert 6 (base 7) to base 15.
6
Convert -2b (base 12) to base 7.
-50
-25 (base 16) to base 15
-27
Convert 3 (base 10) to base 11.
3
What is -11 (base 12) in base 15?
-d
Convert -5 (base 9) to base 13.
-5
What is 4 (base 15) in base 7?
4
12 (base 5) to base 2
111
Convert -7 (base 15) to base 16.
-7
404 (base 5) to base 6
252
434 (base 5) to base 6
315
What is 10000100 (base 2) in base 4?
2010
Convert -3101 (base 4) to base 7.
-416
32 (base 8) to base 7
35
Convert -6 (base 10) to base 15.
-6
What is 31 (base 4) in base 15?
d
Convert 16 (base 9) to base 16.
f
Convert 11 (base 7) to base 10.
8
-6 (base 14) to base 12
-6
What is 11100 (base 2) in base 3?
1001
1 (base 2) to base 13
1
What is 2021 (base 3) in base 13?
49
Convert 4 (base 7) to base 11.
4
Convert 3 (base 9) to base 3.
10
1001110 (base 2) to base 13
60
Convert 4 (base 5) to base 15.
4
-3022 (base 4) to base 9
-244
Convert -5 (base 11) to base 3.
-12
-1 (base 9) to base 14
-1
What is -14 (base 8) in base 4?
-30
Convert 0 (base 12) to base 6.
0
-2 (base 13) to base 6
-2
Convert -42 (base 7) to base 4.
-132
Convert 43 (base 13) to base 5.
210
What is -244 (base 5) in base 2?
-1001010
13d (base 15) to base 3
101111
a4 (base 12) to base 2
1111100
Convert 103 (base 11) to base 16.
7c
What is -1 (base 6) in base 7?
-1
-11 (base 3) to base 15
-4
What is -50 (base 10) in base 8?
-62
10 (base 8) to base 14
8
What is 0 (base 16) in base 15?
0
3 (base 11) to base 8
3
Convert 53 (base 16) to base 7.
146
103 (base 8) to base 9
74
141 (base 8) to base 11
89
What is -21 (base 3) in base 12?
-7
What is -1a (base 14) in base 7?
-33
What is -a2 (base 13) in base 15?
-8c
What is -e (base 16) in base 5?
-24
-1 (base 16) to base 9
-1
What is 2 (base 16) in base 13?
2
Convert -11 (base 7) to base 11.
-8
Convert -3 (base 15) to base 6.
-3
-a (base 11) to base 10
-10
What is -1111 (base 2) in base 10?
-15
-1 (base 15) to base 10
-1
What is -c (base 13) in base 15?
-c
Convert -2 (base 6) to base 8.
-2
Convert -20220 (base 3) to base 15.
-c6
-1010 (base 2) to base 9
-11
Convert -1 (base 14) to base 15.
-1
-24 (base 5) to base 11
-13
5 (base 6) to base 13
5
What is -1040 (base 6) in base 8?
-360
Convert -7 (base 12) to base 7.
-10
Convert 3 (base 11) to base 5.
3
-110 (base 2) to base 10
-6
1 (base 5) to base 8
1
-35 (base 13) to base 12
-38
What is -10 (base 4) in base 7?
-4
Convert 321 (base 5) to base 9.
105
What is -59 (base 13) in base 14?
-54
What is -43 (base 11) in base 2?
-101111
Convert 0 (base 3) to base 15.
0
5 (base 16) to base 3
12
Convert 2 (base 14) to base 9.
2
Convert -4 (base 9) to base 5.
-4
What is 4 (base 9) in base 11?
4
What is -6 (base 12) in base 5?
-11
3 (base 5) to base 14
3
4 (base 14) to base 8
4
What is 2b (base 15) in base 11?
38
What is -4 (base 6) in base 10?
-4
Convert c4 (base 15) to base 5.
1214
-10101 (base 3) to base 16
-5b
22 (base 15) to base 2
100000
Convert 11000 (base 2) to base 11.
22
8 (base 15) to base 9
8
What is 92 (base 10) in base 13?
71
-90 (base 13) to base 6
-313
Convert 60 (base 10) to base 13.
48
What is 28 (base 13) in base 5?
114
Convert 7 (base 11) to base 15.
7
What is -98 (base 13) in base 7?
-236
Convert -71 (base 12) to base 7.
-151
-3 (base 7) to base 6
-3
What is -100 (base 2) in base 16?
-4
What is -5 (base 11) in base 10?
-5
153 (base 10) to base 6
413
Convert -41 (base 8) to base 5.
-113
5 (base 11) to base 10
5
-3 (base 15) to base 13
-3
43 (base 8) to base 5
120
-2 (base 11) to base 8
-2
What is -22 (base 4) in base 8?
-12
What is -121 (base 4) in base 16?
-19
Convert -2302 (base 4) to base 7.
-343
What is -322 (base 4) in base 15?
-3d
What is 1141 (base 5) in base 14?
c3
101000 (base 2) to base 8
50
Convert 1 (base 16) to base 10.
1
Convert 120 (base 3) to base 15.
10
-5 (base 6) to base 15
-5
Convert 13 (base 6) to base 5.
14
What is 51 (base 10) in base 15?
36
-4 (base 11) to base 13
-4
What is -3 (base 15) in base 16?
-3
Convert -49 (base 16) to base 15.
-4d
Convert -21 (base 14) to base 10.
-29
-42 (base 7) to base 14
-22
-11110 (base 2) to base 3
-1010
Convert -a (base 16) to base 10.
-10
e (base 16) to base 15
e
What is 21 (base 11) in base 10?
23
3 (base 11) to base 15
3
Convert 37 (base 11) to base 6.
104
4 (base 15) to base 16
4
Convert 111 (base 2) to base 14.
7
3 (base 11) to base 14